ase 15) to base 7
-16101153
What is 5366426 (base 8) in base 3?
2201000010101
What is -4126530 (base 7) in base 4?
-1320233001
Convert 8a5243 (base 11) to base 3.
2201020201121
Convert 105071 (base 14) to base 3.
1001000201020
Convert -2220021112 (base 3) to base 13.
-1cc88
Convert 127698 (base 11) to base 8.
607443
-12755327 (base 9) to base 13
-13c58bc
-1202200221212 (base 3) to base 10
-938921
8d85 (base 15) to base 8
72542
What is 3211212111 (base 4) in base 15?
1389ac
Convert -113210113 (base 4) to base 3.
-11220102101
Convert -16331544 (base 7) to base 2.
-110000011100111100001
Convert 30046550 (base 8) to base 14.
ba4052
-242345024 (base 6) to base 2
-10001100011100000101000
-110001011000010101011111 (base 2) to base 6
-1141241155
10110100001011001101111 (base 2) to base 13
12b93a7
Convert -4436605 (base 8) to base 7.
-13106060
Convert 834392 (base 10) to base 5.
203200032
2020200202110 (base 3) to base 10
1194654
Convert 1295aa2 (base 12) to base 2.
1110000010100011011010
Convert 5605707 (base 8) to base 16.
170bc7
Convert -4513084 (base 9) to base 11.
-140a62a
What is 41262 (base 13) in base 16?
1c87b
Convert 5433a (base 11) to base 13.
29c0c
What is -121102232 (base 4) in base 12?
-4bb52
-133211211 (base 4) to base 11
-8922a
What is 347379 (base 12) in base 3?
1120210002110
What is -32031340 (base 6) in base 10?
-937356
Convert 100001010011111110011111 (base 2) to base 11.
4a24a05
Convert 144331411 (base 5) to base 4.
2331232102
What is 100100110010100110010 (base 2) in base 3?
2021020201011
187ad2 (base 16) to base 15
21a53b
6049 (base 10) to base 5
143144
Convert 1690122 (base 10) to base 14.
31dd10
What is -c71f3 (base 16) in base 10?
-815603
Convert -4c69ab (base 15) to base 9.
-6808688
Convert -45103 (base 8) to base 6.
-224003
What is 30121441 (base 5) in base 7?
2013532
-202661 (base 8) to base 3
-10101220020
Convert -25315215 (base 8) to base 11.
-3191a74
1012022020 (base 5) to base 16
1f7e8a
What is -19a0e6 (base 16) in base 7?
-20163523
Convert 1023111331 (base 4) to base 16.
4b57d
What is a600ca (base 14) in base 12?
1a65a96
What is 1404400 (base 5) in base 8?
70065
Convert 338522 (base 9) to base 2.
110001100101001111
Convert 303130405 (base 6) to base 3.
100202201012112
What is -11101001011111111001 (base 2) in base 12?
-3a1589
Convert 3464a (base 13) to base 6.
2014203
79a7 (base 11) to base 8
24433
What is -1212012021 (base 3) in base 2?
-1000111011110000
Convert -201439 (base 10) to base 4.
-301023133
Convert 10422422 (base 5) to base 6.
1551005
Convert -46899 (base 16) to base 7.
-2312223
Convert -1818f (base 16) to base 15.
-1e3a3
9503d1 (base 16) to base 12
332b641
18556 (base 15) to base 13
29b5c
Convert -10465 (base 14) to base 5.
-2224124
1c44 (base 14) to base 7
21014
-114023140 (base 5) to base 3
-1000002000210
222312203002 (base 4) to base 16
ab68c2
Convert -11131332332 (base 4) to base 3.
-2200211102212
-131315053 (base 7) to base 4
-200010221212
Convert a801 (base 12) to base 5.
1042213
Convert 928f0 (base 16) to base 4.
2102203300
Convert -1711226 (base 8) to base 10.
-496278
Convert 14a63a5 (base 12) to base 13.
b4068c
Convert 112212011111111 (base 3) to base 9.
15764444
What is -699a13 (base 11) in base 4?
-10033103232
What is -33101464 (base 7) in base 14?
-53d4a4
Convert -1152023 (base 7) to base 15.
-2d90e
14645133 (base 7) to base 11
8806a1
-120320230310 (base 4) to base 13
-14754a1
-253541503 (base 6) to base 8
-22666757
What is -326926 (base 11) in base 12?
-211996
202002212 (base 5) to base 3
1112021221222
-22235780 (base 9) to base 13
-2301708
Convert -173434 (base 12) to base 3.
-202022101211
106168 (base 14) to base 13
165569
20020555 (base 8) to base 2
10000000010000101101101
3312233424 (base 5) to base 12
248935b
Convert 3082147 (base 10) to base 2.
1011110000011110100011
What is 255025345 (base 6) in base 16?
4c3ba1
845217 (base 10) to base 2
11001110010110100001
-1114335145 (base 6) to base 16
-baf449
Convert 211636 (base 10) to base 8.
635264
1788337 (base 13) to base 8
35211235
48335c (base 14) to base 4
21122123012
What is -62006 (base 8) in base 2?
-110010000000110
Convert -20234423 (base 5) to base 16.
-2847c
Convert 174720 (base 13) to base 3.
1002112021120
520752 (base 9) to base 12
12a985
What is 85494 (base 11) in base 6?
2355442
1760664 (base 8) to base 2
1111110000110110100
1000101100001101100111 (base 2) to base 14
43439d
What is 95253 (base 10) in base 14?
269db
What is 241340 (base 6) in base 9?
31826
Convert 15313122 (base 6) to base 4.
2003132222
-10402340 (base 6) to base 9
-524386
What is 5e2ba (base 15) in base 11?
196167
Convert 10040304 (base 5) to base 14.
215a8
Convert -1ab790 (base 16) to base 14.
-338144
Convert 11214043 (base 5) to base 4.
120230130
What is -14900 (base 13) in base 11?
-27227
Convert -14210005 (base 6) to base 15.
-98378
Convert -7233e (base 15) to base 10.
-361859
-32482231 (base 9) to base 10
-15702121
Convert -21232201333 (base 4) to base 15.
-3557c7
What is aa2bc (base 15) in base 8?
2037723
-1a31636 (base 13) to base 4
-200322213012
What is 1023220332 (base 4) in base 6?
10350210
Convert 11054404 (base 6) to base 9.
558244
10865 (base 10) to base 4
2221301
What is -661e8 (base 16) in base 15?
-83e05
174278 (base 9) to base 14
2b593
6132117 (base 8) to base 10
1619023
-1031220405 (base 6) to base 7
-162230546
Convert 1a74b1 (base 13) to base 11.
41a791
What is -103402344 (base 5) in base 13?
-129ca3
Convert -2442076 (base 8) to base 11.
-41a564
Convert -13454800 (base 9) to base 14.
-c515bb
-694ee3 (base 15) to base 3
-100110111010120
What is -2014435 (base 9) in base 13?
-2b7357
Convert 12153885 (base 9) to base 11.
3398301
What is -401346 (base 11) in base 13?
-198024
What is -843659 (base 10) in base 15?
-119e8e
-33103212 (base 4) to base 10
-62694
Convert -dc8c7 (base 15) to base 3.
-1022121001121
What is 2660766 (base 8) in base 11?
46a509
23616 (base 10) to base 3
1012101200
Convert -1232503 (base 8) to base 15.
-6b1e5
-244974 (base 11) to base 3
-201200002021
401160 (base 7) to base 2
10000100001001110
-175561 (base 8) to base 2
-1111101101110001
Convert 22213156 (base 8) to base 6.
250355154
Convert -10a533 (base 13) to base 4.
-1200032212
What is 53054a (base 13) in base 10?
1943055
What is 50032 (base 12) in base 3?
12021021102
Convert -12111311101 (base 4) to base 12.
-681b81
What is 200221001122 (base 3) in base 10?
372563
Convert -4273463 (base 8) to base 14.
-21b1d1
573641 (base 8) to base 10
194465
121022211210 (base 3) to base 15
65350
What is 3b7a (base 14) in base 15?
319b
Convert -289af9 (base 16) to base 15.
-378728
-32241103 (base 5) to base 9
-457521
-9c108 (base 15) to base 5
-111340413
What is 261016 (base 11) in base 7?
3332054
-12c857 (base 16) to base 7
-13314506
-22112441 (base 5) to base 11
-120a71
Convert -1bd13 (base 14) to base 6.
-1305245
418aa (base 11) to base 9
102578
-5277 (base 9) to base 6
-25541
37c471 (base 14) to base 16
1d3d23
-11304220110 (base 5) to base 2
-110001011100001110001111
-1051018 (base 9) to base 6
-20035412
-39358 (base 10) to base 16
-99be
What is -55351260 (base 7) in base 9?
-8867583
302304110 (base 6) to base 16
4eae2a
-4b136 (base 14) to base 8
-547434
What is -45e4f5 (base 16) in base 12?
-164a985
What is -5441 (base 12) in base 14?
-353b
973776 (base 10) to base 2
11101101101111010000
12242111 (base 5) to base 6
2312102
Convert -6485b3 (base 13) to base 4.
-21000103321
1e1689 (base 15) to base 9
2684483
What is -3415b (base 13) in base 6?
-2010300
-5886de (base 16) to base 3
-101220202102120
521122 (base 8) to base 15
36236
25045362 (base 8) to base 14
a3b2a6
Convert -627816 (base 10) to base 3.
-1011220012110
Convert -133110023310 (base 4) to base 9.
-16401736
Convert 505782 (base 9) to base 15.
5db3b
Convert 223d93 (base 15) to base 10.
1633188
123003303 (base 5) to base 7
5023241
What is -477b91 (base 16) in base 8?
-21675621
Convert 9a2c1 (base 15) to base 2.
1110111101000010110
-1aa9b1 (base 14) to base 8
-3502057
3344406 (base 8) to base 15
12ca3a
What is 3670330 (base 8) in base 11?
631305
-352043 (base 6) to base 8
-73073
Convert 2193a8 (base 11) to base 7.
2653041
1a52a (base 15) to base 7
504250
Convert 13b763 (base 12) to base 14.
88963
Convert -4322214 (base 7) to 